{"id":699,"date":"2020-10-14T09:14:35","date_gmt":"2020-10-14T09:14:35","guid":{"rendered":"http:\/\/areabadalona.com\/diario\/?page_id=699"},"modified":"2020-10-14T10:53:57","modified_gmt":"2020-10-14T10:53:57","slug":"politica-de-cookies","status":"publish","type":"page","link":"https:\/\/areabadalona.com\/diario\/politica-de-cookies\/","title":{"rendered":"Pol\u00edtica de cookies"},"content":{"rendered":"\n<p>Cuando usted visita el sitio es posible que se guarde alguna informaci\u00f3n (com\u00fanmente conocida como una \u00abcookie\u00bb) en el ordenador con el fin de permitir que haga un pedido online en nuestra web m\u00e1s c\u00f3modamente. Las cookies son partes de informaci\u00f3n que un sitio web transfiere de forma temporal a su disco duro para almacenar, y a veces obtener informaci\u00f3n acerca de usted. Las cookies son espec\u00edficas para el servidor que las cre\u00f3 y no pueden ser utilizadas por otros servidores, lo que significa que no pueden realizar el seguimiento de sus movimientos en torno a la web. Las contrase\u00f1as y n\u00fameros de tarjetas de cr\u00e9dito no se almacenan en las cookies. Una cookie le ayuda a obtener lo mejor del sitio y nos ayuda a proporcionarle un servicio m\u00e1s personalizado.<\/p>\n\n\n\n<p>Adem\u00e1s, usted puede impedir el registro de los datos facilitados por la cookie a Google referentes al uso del sitio web (incluida su direcci\u00f3n IP), as\u00ed como el procesamiento de estos datos por parte de Google descargando e instal\u00e1ndose en su ordenador el plug-in de navegador disponible a trav\u00e9s del siguiente enlace:&nbsp;https:\/\/tools.google.com\/dlpage\/gaoptout?hl=es<br>Puede usted permitir, bloquear o eliminar las cookies instaladas en su equipo mediante la configuraci\u00f3n de las opciones del navegador instalado en su ordenador.<\/p>\n\n\n\n<p>Para m\u00e1s informaci\u00f3n sobre Firefox pulse aqu\u00ed:&nbsp;https:\/\/support.mozilla.org\/es\/kb\/cookies-informacion-que-los-sitios-web-guardan-en-#w_configurar-las-cookies<\/p>\n\n\n\n<p>Para m\u00e1s informaci\u00f3n sobre Chrome pulse aqu\u00ed:&nbsp;http:\/\/support.google.com\/chrome\/bin\/answer.py?hl=es&amp;answer=95647<\/p>\n\n\n\n<p>Para m\u00e1s informaci\u00f3n sobre Explorer pulse aqu\u00ed:&nbsp;http:\/\/windows.microsoft.com\/es-es\/windows7\/how-to-manage-cookies-in-internet-explorer-9<\/p>\n\n\n\n<p>Para m\u00e1s informaci\u00f3n sobre Safari pulse aqu\u00ed:&nbsp;http:\/\/support.apple.com\/kb\/ph5042<\/p>\n\n\n\n<p>Para m\u00e1s informaci\u00f3n sobre Opera pulse aqu\u00ed:&nbsp;http:\/\/help.opera.com\/Windows\/11.50\/es-ES\/cookies.html<\/p>\n","protected":false},"excerpt":{"rendered":"<p>Cuando usted visita el sitio es posible que se guarde alguna informaci\u00f3n (com\u00fanmente conocida como una \u00abcookie\u00bb) en el ordenador con el fin de permitir que haga un pedido online en nuestra web m\u00e1s c\u00f3modamente. Las cookies son partes de informaci\u00f3n que un sitio web transfiere de forma temporal a su disco duro para almacenar, [&hellip;]<\/p>\n","protected":false},"author":1,"featured_media":0,"parent":0,"menu_order":0,"comment_status":"closed","ping_status":"closed","template":"","meta":{"footnotes":""},"class_list":["post-699","page","type-page","status-publish"],"_links":{"self":[{"href":"https:\/\/areabadalona.com\/diario\/wp-json\/wp\/v2\/pages\/699","targetHints":{"allow":["GET"]}}],"collection":[{"href":"https:\/\/areabadalona.com\/diario\/wp-json\/wp\/v2\/pages"}],"about":[{"href":"https:\/\/areabadalona.com\/diario\/wp-json\/wp\/v2\/types\/page"}],"author":[{"embeddable":true,"href":"https:\/\/areabadalona.com\/diario\/wp-json\/wp\/v2\/users\/1"}],"replies":[{"embeddable":true,"href":"https:\/\/areabadalona.com\/diario\/wp-json\/wp\/v2\/comments?post=699"}],"version-history":[{"count":1,"href":"https:\/\/areabadalona.com\/diario\/wp-json\/wp\/v2\/pages\/699\/revisions"}],"predecessor-version":[{"id":700,"href":"https:\/\/areabadalona.com\/diario\/wp-json\/wp\/v2\/pages\/699\/revisions\/700"}],"wp:attachment":[{"href":"https:\/\/areabadalona.com\/diario\/wp-json\/wp\/v2\/media?parent=699"}],"curies":[{"name":"wp","href":"https:\/\/api.w.org\/{rel}","templated":true}]}}